prime factors of 1560?
2, 3, 5, 13
What are the prime factors of 619?
619
What are the prime factors of 18966?
2, 3, 29, 109
List the prime factors of 3794.
2, 7, 271
List the prime factors of 519.
3, 173
List the prime factors of 4522.
2, 7, 17, 19
List the prime factors of 345.
3, 5, 23
What are the prime factors of 1170?
2, 3, 5, 13
What are the prime factors of 178023?
3, 59341
What are the prime factors of 744?
2, 3, 31
List the prime factors of 797.
797
List the prime factors of 2955.
3, 5, 197
What are the prime factors of 1901?
1901
List the prime factors of 32571.
3, 7, 11, 47
List the prime factors of 37112.
2, 4639
List the prime factors of 85547.
7, 11, 101
What are the prime factors of 370?
2, 5, 37
What are the prime factors of 6466?
2, 53, 61
What are the prime factors of 23210?
2, 5, 11, 211
List the prime factors of 4737.
3, 1579
List the prime factors of 7820.
2, 5, 17, 23
What are the prime factors of 150864?
2, 3, 7, 449
What are the prime factors of 14066?
2, 13, 541
List the prime factors of 2247.
3, 7, 107
What are the prime factors of 254?
2, 127
List the prime factors of 13977.
3, 1553
List the prime factors of 44179.
44179
List the prime factors of 60951.
3, 11, 1847
What are the prime factors of 8135?
5, 1627
List the prime factors of 13361.
31, 431
List the prime factors of 16751.
7, 2393
What are the prime factors of 1648?
2, 103
What are the prime factors of 895?
5, 179
What are the prime factors of 838?
2, 419
List the prime factors of 18049.
18049
What are the prime factors of 2509?
13, 193
List the prime factors of 9843.
3, 17, 193
What are the prime factors of 997?
997
What are the prime factors of 1806?
2, 3, 7, 43
What are the prime factors of 509?
509
What are the prime factors of 6788?
2, 1697
List the prime factors of 7616.
2, 7, 17
List the prime factors of 26789.
7, 43, 89
List the prime factors of 3323.
3323
What are the prime factors of 140?
2, 5, 7
List the prime factors of 32.
2
List the prime factors of 39530.
2, 5, 59, 67
What are the prime factors of 50798?
2, 11, 2309
List the prime factors of 13524.
2, 3, 7, 23
What are the prime factors of 12201?
3, 7, 83
What are the prime factors of 69208?
2, 41, 211
What are the prime factors of 3837?
3, 1279
What are the prime factors of 14040?
2, 3, 5, 13
What are the prime factors of 703?
19, 37
List the prime factors of 6847.
41, 167
What are the prime factors of 439?
439
What are the prime factors of 20134?
2, 10067
List the prime factors of 1855.
5, 7, 53
What are the prime factors of 574?
2, 7, 41
What are the prime factors of 3612?
2, 3, 7, 43
List the prime factors of 4252.
2, 1063
What are the prime factors of 20060?
2, 5, 17, 59
What are the prime factors of 44730?
2, 3, 5, 7, 71
What are the prime factors of 10811?
19, 569
What are the prime factors of 90244?
2, 7, 11, 293
List the prime factors of 9184.
2, 7, 41
List the prime factors of 11932.
2, 19, 157
List the prime factors of 108313.
89, 1217
List the prime factors of 7086.
2, 3, 1181
What are the prime factors of 1372?
2, 7
List the prime factors of 49610.
2, 5, 11, 41
What are the prime factors of 2969?
2969
What are the prime factors of 5624?
2, 19, 37
What are the prime factors of 15242?
2, 7621
List the prime factors of 14611.
19, 769
What are the prime factors of 177644?
2, 89, 499
List the prime factors of 2858.
2, 1429
List the prime factors of 740.
2, 5, 37
List the prime factors of 3341.
13, 257
List the prime factors of 15109.
29, 521
What are the prime factors of 40715?
5, 17, 479
List the prime factors of 8044.
2, 2011
List the prime factors of 7887.
3, 11, 239
List the prime factors of 27553.
59, 467
List the prime factors of 1077.
3, 359
What are the prime factors of 55063?
17, 41, 79
What are the prime factors of 2325?
3, 5, 31
List the prime factors of 1488.
2, 3, 31
List the prime factors of 1134.
2, 3, 7
What are the prime factors of 3580?
2, 5, 179
What are the prime factors of 4438?
2, 7, 317
List the prime factors of 2656.
2, 83
List the prime factors of 52542.
2, 3, 7, 139
List the prime factors of 3344.
2, 11, 19
What are the prime factors of 11021?
103, 107
List the prime factors of 40104.
2, 3, 557
List the prime factors of 3602.
2, 1801
List the prime factors of 1095.
3, 5, 73
What are the prime factors of 1001?
7, 11, 13
List the prime factors of 29724.
2, 3, 2477
List the prime factors of 20198.
2, 10099
List the prime factors of 335.
5, 67
List the prime factors of 24319.
83, 293
What are the prime factors of 26427?
3, 23, 383
What are the prime factors of 53936?
2, 3371
What are the prime factors of 45794?
2, 7, 3271
List the prime factors of 95143.
95143
What are the prime factors of 18118?
2, 9059
What are the prime factors of 3775?
5, 151
What are the prime factors of 2478?
2, 3, 7, 59
What are the prime factors of 2978?
2, 1489
What are the prime factors of 595?
5, 7, 17
List the prime factors of 38438.
2, 19219
List the prime factors of 10341.
3, 383
List the prime factors of 137545.
5, 27509
What are the prime factors of 1673?
7, 239
List the prime factors of 18884.
2, 4721
What are the prime factors of 2398?
2, 11, 109
What are the prime factors of 5174?
2, 13, 199
List the prime factors of 60816.
2, 3, 7, 181
What are the prime factors of 136676?
2, 47, 727
List the prime factors of 46.
2, 23
List the prime factors of 113384.
2, 14173
What are the prime factors of 1252?
2, 313
List the prime factors of 579.
3, 193
What are the prime factors of 121638?
2, 3, 11, 19, 97
List the prime factors of 7991.
61, 131
What are the prime factors of 1486?
2, 743
What are the prime factors of 13735?
5, 41, 67
What are the prime factors of 13820?
2, 5, 691
What are the prime factors of 40982?
2, 31, 661
List the prime factors of 31692.
2, 3, 19, 139
What are the prime factors of 27702?
2, 3, 19
What are the prime factors of 7697?
43, 179
List the prime factors of 139119.
3, 79, 587
What are the prime factors of 83653?
83653
List the prime factors of 65619.
3, 23, 317
List the prime factors of 39359.
39359
List the prime factors of 62634.
2, 3, 11, 13, 73
List the prime factors of 46.
2, 23
List the prime factors of 91858.
2, 13, 3533
What are the prime factors of 56844?
2, 3, 1579
List the prime factors of 862.
2, 431
What are the prime factors of 3854?
2, 41, 47
What are the prime factors of 2381?
2381
What are the prime factors of 388?
2, 97
List the prime factors of 4103.
11, 373
List the prime factors of 7186.
2, 3593
List the prime factors of 92829.
3, 11, 29, 97
What are the prime factors of 2328?
2, 3, 97
List the prime factors of 5297.
5297
What are the prime factors of 7281?
3, 809
List the prime factors of 9232.
2, 577
What are the prime factors of 328?
2, 41
What are the prime factors of 3765?
3, 5, 251
What are the prime factors of 25679?
25679
What are the prime factors of 568?
2, 71
List the prime factors of 35777.
7, 19, 269
What are the prime factors of 8484?
2, 3, 7, 101
List the prime factors of 11135.
5, 17, 131
List the prime factors of 6150.
2, 3, 5, 41
What are the prime factors of 695?
5, 139
List the prime factors of 20845.
5, 11, 379
What are the prime factors of 55189?
229, 241
What are the prime factors of 1025?
5, 41
List the prime factors of 1258.
2, 17, 37
What are the prime factors of 583?
11, 53
What are the prime factors of 26764?
2, 6691
What are the prime factors of 1875?
3, 5
What are the prime factors of 1641?
3, 547
List the prime factors of 6011.
6011
List the prime factors of 8033.
29, 277
What are the prime factors of 2020?
2, 5, 101
What are the prime factors of 3169?
3169
List the prime factors of 40439.
7, 53, 109
List the prime factors of 14922.
2, 3, 829
List the prime factors of 31093.
17, 31, 59
List the prime factors of 10892.
2, 7, 389
List the prime factors of 31102.
2, 15551
What are the prime factors of 8379?
3, 7, 19
What are the prime factors of 3222?
2, 3, 179
What are the prime factors of 10470?
2, 3, 5, 349
What are the prime factors of 113824?
2, 3557
List the prime factors of 7429.
17, 19, 23
List the prime factors of 1895.
5, 379
List the prime factors of 20348.
2, 5087
What are the prime factors of 41447?
7, 31, 191
What are the prime factors of 10998?
2, 3, 13, 47
List the prime factors of 81987.
3,